mine q(c).
-11
Suppose -4 + 6 = m. Suppose -t = m*t. Let v(f) = -f. Let d(s) = -s**2 - 4*s + 8. Let a(o) = d(o) - 4*v(o). Give a(t).
8
Let x(d) = 7*d + 5 - d - 5*d. Suppose 24 = -4*n - 2*q, 7*q - 2*q = 0. What is x(n)?
-1
Let l(d) = -21*d**2 - 22*d - 21. Let y(x) = -2*x**2 - 2*x - 2. Let c(u) = -2*l(u) + 22*y(u). Let p be (-14)/(-6) - (-1)/(-3). Calculate c(p).
-10
Let k(u) = u**3 + 4*u**2 + 2*u + 4. Suppose 11 = 3*i - 13. Suppose i + 4 = 4*s. Let c be 0 + (-1 - (s + -1)). Calculate k(c).
7
Suppose -3*q - q = -12. Let g(v) = 6*v + 9 - 8 - q*v. Suppose -9*r + 14*r + 5 = 0. Calculate g(r).
-2
Let i(w) = w**3 - 3*w**2 - 2*w + 5. Let v = 13 + -9. Let l be i(v). Let t(o) = 18*o + l*o - 29*o - 6. Determine t(6).
6
Let v(q) be the first derivative of q**4/4 - q**3 - 3*q**2/2 + 281. Suppose -5*k = -4*g - 8, 0*g = -5*g - 3*k - 10. Calculate v(g).
-14
Let k be -86*(-1)/(-2) + -1. Let v be 6*(k/12 + 1*3). Let m(q) = 9 - q - 9 - q. Determine m(v).
8
Let q(t) = -t**2 - 10*t + 9. Suppose -151 + 74 = 7*b. Give q(b).
-2
Let x(s) = s**3 - 11*s**2 + s - 10 - 5*s - 7*s. Let r be x(12). Let p(t) = 0*t**2 + r - 6*t + 4 - t**2. Calculate p(-6).
6
Let h = 56 + -74. Let p be -10*(3/2 + h/9). Let b(j) = j**2 - 6*j. Determine b(p).
-5
Let d(c) = -4*c - 15. Let o = -1024 + 1011. Calculate d(o).
37
Let r be (6 + (-1 - 5))/(-1). Let m(l) be the second derivative of 11*l + l**2 + 0*l**3 + r - 1/12*l**4. Calculate m(3).
-7
Let b(q) = -q**3 + 4*q**2 + 5*q + 5. Suppose -3*u - 2 = -u, 3*z - 3*u = 189. Let v = -57 + z. Give b(v).
5
Let a be 8/(-6) - (-143)/33. Suppose -a*d + 2*d + 5 = 0. Let y(m) be the first derivative of -m**3/3 + 5*m**2/2 + 6*m + 1. Give y(d).
6
Suppose -4*w - 2 = 4*h - 6, -3*w + 5*h - 37 = 0. Let f(z) = -z**3 - 6*z**2 + 2*z + 2. Determine f(w).
-38
Let w(u) = -u**2 - 9*u - 1. Let a be (16/4)/(-5 - -7). Suppose 4*k + 5*i = -24, -a*i = k - i + 6. Calculate w(k).
17
Let c(w) be the third derivative of 7*w**6/120 - w**5/30 + w**4/12 - w**3/6 + 10*w**2. Let s(f) = f**2 - 5*f + 1. Let h be s(5). Determine c(h).
6
Let y(s) = -30*s**3 + 16*s - 2*s**2 - 3 + 29*s**3 + 4*s**2 - 16*s. Calculate y(3).
-12
Suppose 0 = 21*v - 18*v. Suppose -12*l + 4*l - 32 = v. Let x(d) = d - 1. Calculate x(l).
-5
Let l(f) = f**2 + 1. Suppose -5*b - 71 = 2*q + 22, -1 = -q. Let j = -15 - b. Suppose -j*v - 11 + 3 = 0. Determine l(v).
5
Let u(j) = -11*j**2 + 5*j - 8. Let h(z) = 7*z**2 - 3*z + 6. Let p(v) = -8*h(v) - 5*u(v). Calculate p(-6).
-38
Let h(c) = 3*c - 5. Let f(j) be the second derivative of 7*j**3/6 - 5*j**2 + 21*j. Let q(s) = -2*f(s) + 5*h(s). What is q(7)?
2
Let v(w) = -5*w**3 - 2*w**2 - 8*w - 1. Let f(a) = 3*a**2 + 1 + 2*a**3 - 1789*a + 2*a**3 + 1799*a. Let m(k) = 4*f(k) + 5*v(k). Determine m(1).
-8
Let r(l) = -6 - 9 + l - 6 - 9 + 31. Let c = -2 - 2. Let z(h) = h**2 - 7*h + 2. Let d(b) = c*r(b) - z(b). Calculate d(5).
-16
Let h(o) = -o - 12. Let y = 138 + -144. Calculate h(y).
-6
Let f(n) be the third derivative of -7/24*n**4 - 1/60*n**5 - 13*n**2 + 0*n**3 + 0*n + 0. Determine f(-5).
10
Let p(b) = -2*b + 10. Let z be p(5). Let j be (-2)/3 - 22/(-6). Suppose -3*f = -5*t + 18, z*t + j*f = -5*t + 12. Let u(o) = o - 4. Calculate u(t).
-1
Let w(g) = 2*g**2 + 423*g - 214*g - 215*g + 4. Let v = 11 + -7. Calculate w(v).
12
Suppose 3*m - g = 3*g + 349, 0 = 2*m + 5*g - 248. Suppose 4*s + 5*t = m + 9, 0 = 3*s + 4*t - 97. Let r be (-3)/(s/15)*-3. Let x(n) = n**2 - 5*n + 5. Give x(r).
5
Let j be ((-72)/45)/(4/(-5)). Let f(c) = -3*c**2 + 2*c. Determine f(j).
-8
Let x(a) be the first derivative of -18 - 1/2*a**2 - 15*a. What is x(-7)?
-8
Let x(n) be the second derivative of 1/6*n**3 + 0 - 36*n + 2/3*n**4 - 11/2*n**2 - 1/20*n**5. What is x(8)?
-3
Let w be 9*12/18 - (-2 - 0). Suppose -m = 2, -6*z - m = -w*z + 14. Let f(x) = -3*x - 1. What is f(z)?
-19
Let r(h) = -10*h**3 + 23*h**2 - 7*h + 2. Let f(i) = -3*i**3 + 7*i**2 - 2*i + 1. Let x(g) = -7*f(g) + 2*r(g). Calculate x(3).
-3
Let o(l) = 3*l**2 + 9*l - 5. Let m(s) = -7*s**2 - 19*s + 10. Let v(q) = 4*m(q) + 9*o(q). Let j(p) = -2 + 6 - p + 5 + 0. Let i be j(4). Determine v(i).
-5
Let o(y) = -14*y**2 + 2*y**2 + 6*y**3 + 4 - 7*y**3 + 7*y**2. Suppose 19 = -5*v - 6. Give o(v).
4
Let j = 12 + -18. Let f(t) = -t**2 + 8*t - 1. Let q(n) = -2*n**2 + 9*n - 2. Let g(c) = -3*f(c) + 2*q(c). Give g(j).
-1
Let g(x) = 5*x**3 + 6*x**2 - 1. Let h(o) = -4*o**3 - 6*o**2 - o + 1. Let k(s) = 3*g(s) + 4*h(s). Suppose u + 1 = 40. Let t = -44 + u. Determine k(t).
-4
Suppose 0 = 2*s + 13 - 17. Let i(x) = 1 - 5*x + 0*x - s*x + 6*x. Give i(1).
0
Let n(k) be the third derivative of -4 + 1/24*k**4 + 0*k - 11/6*k**3 - 3*k**2. Suppose 5*q - 44 = 1. What is n(q)?
-2
Suppose 10 = 50*x - 45*x. Suppose s - x*d = -4, 0*s - 5*d = 5*s - 25. Let r(q) = 4*q - 6*q + q. Give r(s).
-2
Let m(q) = 3 + 4*q + 2*q**2 - 3*q**2 - 2*q. Let f = -14 - -11. Determine m(f).
-12
Let x(i) be the first derivative of 2*i**3/3 + 11*i**2/2 + i - 94. What is x(-9)?
64
Let c(u) be the first derivative of -7*u - 8 + 1/3*u**3 - 2*u**2. Determine c(6).
5
Let a(m) = 2*m**2 + 5*m - 16*m - 1 + 3*m + 0*m - 7. Give a(7).
34
Let v(d) = -11*d - 16. Let s(o) = -4*o - 5. Let u(m) = 8*s(m) - 3*v(m). Give u(-13).
-5
Let d = 27 + -26. Let u(v) = -3 - 31*v + d - v**2 + 25*v - 5. Determine u(-5).
-2
Let j be (-1 + 2)/((30/21)/(-10)). Let u(q) = -q + 1. Calculate u(j).
8
Let r = -10 - -6. Let b(f) be the second derivative of -f**3/6 + f**2 + 73*f. Give b(r).
6
Let a(y) = -2*y - 6. Let n be a(-4). Let j(b) = 0*b - 2*b - 4*b**n - 6*b**2 + 1 + 0*b**2. What is j(1)?
-11
Suppose -68*t + 20*t + 144 = 0. Let w(o) = -10*o + 16. What is w(t)?
-14
Let i be (4/3)/((-18)/(-27)). Let w(o) = -6*o + 3*o - 3*o - i*o. Determine w(-1).
8
Let x = 2 - 4. Let v = -1 - x. Let j(q) = 1 + 2*q**3 - 57*q**2 + 19*q**2 + 36*q**2. Calculate j(v).
1
Let w(k) = -k**2 - k - 1. Let g(q) = q + 1. Let o be (-1)/4 - (-76)/(-16). Let y(p) = o*g(p) - w(p). Let z = 133 + -129. What is y(z)?
-4
Let r(z) = z**3 + 4*z**2 + 1. Let i be r(-2). Let x be ((-3)/i)/(1/3). Let k(h) = -h. Calculate k(x).
1
Suppose -22*u + 6 = 6. Let i(z) = z**2 + 3*z + 4. What is i(u)?
4
Let o(z) = 371*z**2 - 199*z**2 + 7*z - 173*z**2 + 25. Determine o(10).
-5
Let u be -5*(-4)/(-10)*2. Suppose 3*s - 19 = 29. Let l(g) = -s - 22 + 2*g - 4*g**2 + 62 - 21 - g**3. Determine l(u).
-5
Let i(m) be the second derivative of -7/6*m**3 + 7/2*m**2 + 0 + 1/12*m**4 + 4*m. Let p be (-5)/((5 - 4)*-1). Give i(p).
-3
Let t(y) = 5*y**3 + 19*y**2 + 32*y - 13. Let f(c) = c**3 + 5*c**2 + 8*c - 3. Let o(r) = -9*f(r) + 2*t(r). Give o(8).
1
Suppose 2*a - 6*a + 12 = 0. Let s = -163 + 159. Let q = a - s. Let b(i) = -i**3 + 6*i**2 + 6*i + 10. Calculate b(q).
3
Let g(h) = -h**3 - 5*h**2 - h + 6. Let a be ((-12)/10)/((-41)/205) + -12. What is g(a)?
48
Let i be 6/(-72)*-2 - 70/(-12). Let m = i - 7. Let j(h) = 14*h - 1. Determine j(m).
-15
Let q(v) = -v**2 - 6*v - 3. Suppose 14*n - 8 = 18*n. Let j be q(n). Suppose -13 = m + j*l, 3*l - 5 + 0 = m. Let b(y) = y**3 + 9*y**2 + 7*y - 3. Give b(m).
5
Let f(p) = -98*p - p**3 + 32*p + 60*p + 8*p**2 + 6. What is f(7)?
13
Let l be 38/9 - 6/27. Let v = 7 - l. Let r(i) = -4 - v*i + 3*i + i. What is r(5)?
1
Suppose -2*d + 4*d - 3 = -5*q, 1 = 5*q + 4*d. Let a be (-2)/(-4) + (-3)/(-2). Let z(f) = 1 + q + 1 - f**a + 0*f**2 - f. Determine z(0).
3
Let d(w) = 4*w - 4 - w + 4*w - 5 - w**2. Let i be d(4). Let p = i + -5. Let a(y) = -y**2 - 2*y - 3. Determine a(p).
-3
Let r(b) = 3*b - 1. Let f be r(3). Let m(p) = -3*p - 44 - 9 + 4*p + 43. Determine m(f).
-2
Suppose -2*n = 6*o - 4, 2*n + o + 2 - 11 = 0. Let a(v) = -3*v**2 + 2*v - 1. Determine a(n).
-66
Let x be ((-3)/(-3))/((-5 - -1)/(-4)). Let n(g) = -g**2 + g + 1. Let z(c) = -5*c**2 - 5*c + 1. Let s(t) = x*z(t) - 4*n(t). Let k = 16 - 22. What is s(k)?
15
Suppose 0 = -0*l + l + 4. Let v = 9 - 6. Let j(r) = 7 - v - 3*r + r. What is j(l)?
12
Suppose -616 = 4*w - 604. Let i(g) = 7*g**2 + g + 4. What is i(w)?
64
Let x(a) = a**2 + 2*a + 3. Let p(b) be the second derivative of b**4/4 + b**3 + 4*b**2 + 7*b. Let u(c) = 3*p(c) - 8*x(c). Calculate u(-4).
8
Let i be (-2)/(-10) - (-320)/25. Let g(k) = -2*k + 2. Let r(l) = l - 1. Let f(p) = i*r(p) + 6*g(p). Give f(0).
-1
Let b(q) = q - 13. Let o(r) = 10*r - 121. Let h be o(13). Determine b(h).
-4
Suppose 6